8 + 2. Let y be (-2)/h - (-70)/30. Calculate the greatest common divisor of 6 and y.
2
Let j(f) be the second derivative of f**4/12 + 5*f**3/3 - 15*f**2/2 - 4*f - 2. Let t be j(-13). Calculate the highest common divisor of t and 24.
24
Let r = 2902 - 2671. What is the greatest common divisor of r and 15?
3
Suppose -100*i = -51*i - 30625. Calculate the greatest common divisor of 1000 and i.
125
Let q be -8 + (-2656)/(-4) + 2. Let w = -626 + q. Calculate the greatest common factor of w and 168.
8
Let u(s) = 2*s - 45. Let x be u(24). Let c(n) = 5*n**3 - 7*n**2 - 2*n + 6. Let g be c(x). Let a = 37 - 19. Calculate the highest common factor of a and g.
18
Let q = 2673 + -1752. What is the highest common factor of 6 and q?
3
Suppose -4*d + 16 = -0*d. Suppose -2*r + 4*z = 138, -3*r - d*z - 146 = -r. Let p = r - -103. What is the highest common factor of p and 80?
16
Let q(y) = 13*y**2 + 7*y + 1. Let z be q(-2). Suppose -35*r + z*r + 3*j = 2828, -2108 = -3*r + j. What is the highest common divisor of 11 and r?
11
Let g = 0 - -54. Suppose 2*p - 253 = q, -70*p + 73*p + 2*q - 376 = 0. Calculate the highest common divisor of g and p.
18
Let i = 16035 - -1561. What is the greatest common factor of i and 498?
166
Let g = 13 + -9. Suppose -g*p - 33 = -257. Let h = 651 - 567. What is the highest common divisor of h and p?
28
Let n = 52 + -118. Let v = 32 - n. Suppose m = -18 + v. What is the highest common divisor of m and 32?
16
Let f be -3 + (8 - (-8 + 11)). Suppose -3*w - 3729 = -5*r, 4*r = -f*w + 2879 + 91. What is the greatest common factor of 24 and r?
24
Let y(n) = 48*n**2 - 432*n + 20. Let f be y(9). Calculate the greatest common factor of f and 19730.
10
Let i(r) = r**2 + 5*r. Suppose -12 = 5*m - 3*m + 5*b, -b - 6 = m. Let c be i(m). Let z be 3/(-1)*8788/(-338). What is the highest common divisor of z and c?
6
Let m(y) = -8*y + 93. Let o be m(11). Suppose o*i = -2*j + 284, 3*i + 6 = -0*i. Calculate the greatest common factor of j and 7.
7
Let t(h) = 8*h**2 + 1. Let r be t(1). Suppose -13 = -4*d - 5*v + 28, -d - v + r = 0. Suppose 9*m - 1665 = d*m. What is the highest common factor of 37 and m?
37
Suppose -c + 2*x = -5*c + 2210, -4*c + 2189 = -5*x. What is the greatest common divisor of 418 and c?
19
Suppose -4*x + 3*x = -2*r + 133, 5*x = 5*r - 335. Calculate the greatest common divisor of 616 and r.
22
Let f be 3 - 70/(-4) - 19/38. Calculate the highest common divisor of f and 46.
2
Suppose 2*l + l + 59 = -n, -5*l - 3*n - 97 = 0. Let m = l - -41. Let r be 7*-11*(-36)/m. Calculate the greatest common factor of r and 12.
12
Suppose 129 = 3*b + 4*m, 4*b - 5*m - 97 - 168 = 0. Calculate the greatest common factor of 3487 and b.
11
Let z be 1/(-2) - (-185)/74. Let g be -5 + z/(-2)*-18. Calculate the highest common factor of 104 and g.
13
Let i be 43*(9/3 - 2). What is the highest common factor of 688 and i?
43
Let j be (-444)/(-15) - (-4)/10. Let w = 85 - 80. Suppose y - 96 = -3*o + 3*y, 0 = 5*o + w*y - 135. Calculate the greatest common divisor of o and j.
30
Let s(n) = -6*n**2 - 62*n - 62. Let b be s(-9). Calculate the greatest common factor of 115 and b.
5
Suppose 0 = 2*o - 2*s - 0*s - 122, 0 = 4*o + 5*s - 235. Suppose 2097*r - 12915 = 1974*r. What is the highest common divisor of o and r?
15
Suppose 717 - 2941 = -75*o + 1526. What is the greatest common divisor of 3475 and o?
25
Suppose 2*i - 30 = -4*n + 24, i + 85 = 5*n. What is the highest common factor of 1448 and n?
8
Suppose -16 = -2*c + 3*i + 151, -2*c + 169 = -i. Let z be (c/15 - 7)/(1/(-3)). Suppose z*w - 175 = 113. Calculate the greatest common factor of 9 and w.
9
Let w be (7 - (37/(-2) - 7))*2292/30. Calculate the highest common factor of 13 and w.
13
Let k(n) = 7*n - 84. Let x be k(13). Suppose x = -9*i + 52. Suppose a + 2 = 2*j - 33, 0 = -3*j - a + 40. Calculate the highest common factor of j and i.
5
Let w = 62 + 147. Let g = -189 + w. Calculate the greatest common divisor of g and 110.
10
Let n(l) = 1052*l - 528. Let v be n(21). Calculate the greatest common factor of 24 and v.
12
Suppose 2*c - 4 = 0, 1331 = 4*m + c - 711. Calculate the highest common factor of m and 870.
30
Suppose 4*r - d = -4*d + 7691, -r = 5*d - 1910. Calculate the greatest common factor of r and 539.
77
Suppose 285*u = 273*u + 52836. What is the highest common divisor of u and 148?
37
Let m = -443 - -446. Let l be (112/10 - 4)*10/m. What is the highest common factor of l and 72?
24
Suppose 5*k - 4*m = -1470, 6*m = 4*k + 9*m + 1207. Let r = 310 + k. Let p(d) = 6*d. Let s be p(7). Calculate the greatest common divisor of s and r.
6
Suppose -2*t + 3 = -2*m - 5, -2*t = 0. Let j be 2/6 + m/((-48)/1628). What is the highest common divisor of j and 17?
17
Let w(d) = d**3 - d**2 + 4*d - 9. Let q be w(3). Let i(u) = u**2 + 20*u + 9. Let j be i(-24). Calculate the highest common factor of j and q.
21
Let j = 368 + -370. Let t be (-33 + 47)*(-69)/j. Calculate the greatest common factor of 138 and t.
69
Let i(p) = 4009*p**3 + 10*p**2 + 6*p - 7. Let y be i(1). What is the greatest common divisor of 656 and y?
82
Suppose 1636 = 30*o - 44114. What is the highest common factor of 183 and o?
61
Let y(a) = a - 30 + 57 + 0. Let l be y(-9). Calculate the highest common factor of l and 18.
18
Let w(n) = -1. Let l(y) = -12*y + 49. Let g(q) = l(q) - 3*w(q). Let m be g(-9). Let o be (-237)/(-15) + 4/20. What is the highest common divisor of o and m?
16
Let f = 25 + -12. Let p = -1 + f. Let v = -1720 + 1750. What is the greatest common factor of p and v?
6
Let s(t) = 2*t**2 + 15*t + 5. Let v be s(-8). Let b be 4*(2*2/(-2))/(-4). What is the highest common divisor of b and v?
1
Let d(h) = -13*h + 18*h + 36*h - 92 - 13*h + 26*h. Let p be d(8). What is the greatest common divisor of 20 and p?
20
Let q(u) = 6623*u - 39661. Let c be q(6). Let b be (-202)/(-6) + 4/(-6). What is the greatest common factor of c and b?
11
Let o = 9 - 5. Let u = -220478 - -220516. Calculate the greatest common divisor of o and u.
2
Let s be (10/8)/((-10)/(-8) - 1). Suppose -16 - 74 = -s*o. What is the highest common divisor of o and 576?
18
Suppose 3*m = 3*p + 159, -71*p + 72*p - 4 = 0. Calculate the greatest common divisor of 19 and m.
19
Suppose -348*c + 110072 = -180856. What is the greatest common factor of 33 and c?
11
Let u(x) = 6*x - 174. Let v be u(24). Let y be (-5 - 168/v)*150. Calculate the highest common divisor of y and 495.
45
Let y(z) = -61*z + 3227. Let p be y(47). What is the highest common divisor of 16080 and p?
120
Let u(w) = -12*w**2 + 20*w + 16. Let r(i) = 28*i**2 - 40*i - 31. Let m(h) = -2*r(h) - 5*u(h). Let s be m(-4). Calculate the highest common divisor of 63 and s.
63
Let y be ((-7)/((-21)/9))/(3/2). Suppose 5*u = -y*h + 217, -h + 58 = -5*u - 13. Suppose -h = -23*z + 19*z. What is the greatest common factor of z and 16?
8
Let w = 27234 + -1277. What is the greatest common factor of w and 101?
101
Suppose 7*i - 2*i - 680 = 0. Let m = i - 131. Calculate the highest common factor of m and 2.
1
Suppose 42 + 15 = 3*w. Suppose -w = -z + n, 73 = 4*z - 5*n - 7. What is the highest common factor of z and 360?
15
Suppose -121*g = -15788 + 1631. Calculate the greatest common divisor of 828 and g.
9
Let l = -838 - -1263. Let c = 446 - l. Calculate the greatest common divisor of 49 and c.
7
Suppose 13*m = 9*m - 148. Let i(h) = h**3 + 38*h**2 + 38*h + 39. Let w be i(m). What is the greatest common divisor of 2 and w?
2
Let j be 198/12 + -11 + (-1)/2. Let s be (-3)/(-18) + 1/(-6). Suppose s*k - k = -25. Calculate the highest common divisor of k and j.
5
Suppose g - 1991 - 1424 = 0. Let i be 1/(5/(0 + g)) - 3. What is the greatest common divisor of 20 and i?
20
Let u = -280 + 306. Suppose -2084 + 8233 = 43*s. Calculate the greatest common divisor of s and u.
13
Suppose 2*i + 10 - 76 = 0. Suppose -87 = a + 201. Let m be a/(-13) + (-14)/91. Calculate the highest common factor of i and m.
11
Let t be 3171/24 - 1/8. Calculate the greatest common factor of 759 and t.
33
Let b be (3220/(-98))/(3/(-231)). Calculate the greatest common factor of b and 5.
5
Let h be 2 - (6/4)/(22/(-792)). Let t = 10 - 8. Suppose -3*q = k - t, -8*q = -3*k - 3*q + 34. Calculate the greatest common factor of k and h.
8
Let p be (-1 + (-6921)/27)*(-5)/20*9. Calculate the greatest c